?
-84
In base 7, what is -123 - 34?
-160
In base 9, what is -207 + 10?
-187
In base 6, what is 311024 + -2?
311022
In base 3, what is -1 + 1000?
222
In base 6, what is 111322 + -4?
111314
In base 12, what is 250 + 1?
251
In base 3, what is 11 - 222?
-211
In base 8, what is 33 + -6?
25
In base 13, what is 7 + 2?
9
In base 12, what is -4 + -11?
-15
In base 2, what is 10000100 - -1?
10000101
In base 8, what is 273 + 61?
354
In base 8, what is 0 + -2066?
-2066
In base 4, what is -102 + -100?
-202
In base 5, what is 302244 + -2?
302242
In base 14, what is -268 - -c?
-25a
In base 3, what is -1 + 102?
101
In base 15, what is -1e5 + 0?
-1e5
In base 2, what is -1 - -1000100100?
1000100011
In base 4, what is -130 - 10?
-200
In base 16, what is 3 + -2f?
-2c
In base 10, what is 10 - -5?
15
In base 14, what is 4 - -764?
768
In base 3, what is 11 - -22001?
22012
In base 6, what is 1152 - 1?
1151
In base 6, what is -450 + 5?
-441
In base 7, what is -4 + -31?
-35
In base 13, what is -1 + 296?
295
In base 4, what is -1 - 1113?
-1120
In base 10, what is -1158 + -1?
-1159
In base 9, what is -5 - 1268?
-1274
In base 3, what is 2 - -1111201?
1111210
In base 13, what is -283 + 2?
-281
In base 11, what is -294 - 1?
-295
In base 11, what is -27 - 62?
-89
In base 12, what is -2 - 118?
-11a
In base 16, what is -29 - 3?
-2c
In base 12, what is 153 + -5?
14a
In base 15, what is -d3 + -4?
-d7
In base 4, what is 1212 + -1?
1211
In base 7, what is 1 - 524?
-523
In base 12, what is -27 + -3?
-2a
In base 15, what is -2 + -1689?
-168b
In base 15, what is -12 - 2c?
-3e
In base 14, what is 5d + 1c?
7b
In base 8, what is -5 - 521?
-526
In base 5, what is 3 - 0?
3
In base 14, what is 5 + 382?
387
In base 6, what is -123251 + 1?
-123250
In base 16, what is -4 + -c61?
-c65
In base 10, what is 329 - -4?
333
In base 5, what is 3 - 43?
-40
In base 3, what is -2220202 - 1?
-2220210
In base 10, what is 91 + -2?
89
In base 12, what is -147 + -1?
-148
In base 3, what is -21 - 0?
-21
In base 6, what is 20 - -151?
211
In base 7, what is 5 + 435?
443
In base 10, what is 11 - -4?
15
In base 4, what is -223021 - 13?
-223100
In base 10, what is -17 - 208?
-225
In base 4, what is 2 - 211?
-203
In base 8, what is -16 - 51?
-67
In base 8, what is 264 - 2?
262
In base 13, what is 280 - -4?
284
In base 3, what is -1000 - -11012?
10012
In base 13, what is -9b + -1?
-9c
In base 3, what is 1012001 - -10?
1012011
In base 7, what is -20 - -20?
0
In base 9, what is 8530 + -2?
8527
In base 16, what is -8e + 2?
-8c
In base 8, what is -20 + 544?
524
In base 4, what is -1132 + 12?
-1120
In base 13, what is -22 + -11?
-33
In base 16, what is 3bf - 3?
3bc
In base 11, what is -2738 + 4?
-2734
In base 5, what is 10 - -1200?
1210
In base 15, what is 0 + -746?
-746
In base 2, what is 111000 + -100?
110100
In base 14, what is -92d + 3?
-92a
In base 9, what is 15 - 31?
-15
In base 11, what is -6650 - 0?
-6650
In base 10, what is -2 - 2093?
-2095
In base 15, what is -4 - 1b2?
-1b6
In base 5, what is 0 - 2214?
-2214
In base 14, what is 2 + -627?
-625
In base 7, what is 454 + 115?
602
In base 10, what is 111 + -7?
104
In base 8, what is -14007 + 2?
-14005
In base 8, what is 1143 - -1?
1144
In base 11, what is -46 + -42?
-88
In base 16, what is -1c4 + -1?
-1c5
In base 13, what is -205 + 2?
-203
In base 4, what is -1212 + 1?
-1211
In base 16, what is d - 2?
b
In base 16, what is ec - -11?
fd
In base 9, what is 3 - 113?
-110
In base 8, what is -407 + 4?
-403
In base 4, what is 132 + -10?
122
In base 13, what is -4 - -329?
325
In base 10, what is -1308 + -2?
-1310
In base 13, what is -3 - -14?
11
In base 4, what is -22222 + -11?
-22233
In base 2, what is -101011100011 + 101?
-101011011110
In base 16, what is 39 + 8b?
c4
In base 11, what is -209 - 3?
-211
In base 9, what is -2 - -273?
271
In base 6, what is -3013 - -4?
-3005
In base 4, what is -111 - -13?
-32
In base 3, what is -2221 - -2?
-2212
In base 14, what is 537 + -1?
536
In base 3, what is 21011 - 10?
21001
In base 16, what is -10 + 35?
25
In base 15, what is 3 - 2a?
-27
In base 13, what is 1 + a7?
a8
In base 16, what is 15 - 42?
-2d
In base 13, what is 0 - 57?
-57
In base 9, what is 2 - -12?
14
In base 6, what is 50043 + -2?
50041
In base 14, what is -54a - 0?
-54a
In base 16, what is -1bc + -4?
-1c0
In base 10, what is -68 - 2?
-70
In base 14, what is 1 - -b8?
b9
In base 2, what is 1111 + -1?
1110
In base 15, what is -8 + 270?
267
In base 15, what is -1a + -1d?
-38
In base 13, what is -2aa + -6?
-2b3
In base 12, what is 4 + -a1?
-99
In base 10, what is 36 + -440?
-404
In base 11, what is 6 + -276?
-270
In base 3, what is 101101 + 2?
101110
In base 11, what is 166 + -3?
163
In base 13, what is 27 - 38?
-11
In base 8, what is -24 - 3?
-27
In base 6, what is 33125 - 1?
33124
In base 6, what is 1030 - -5?
1035
In base 12, what is a + 34?
42
In base 7, what is 1 - -4040?
4041
In base 13, what is 5 - -26?
2b
In base 7, what is 5 - 625?
-620
In base 4, what is -20320 - -3?
-20311
In base 12, what is 4 - -51b?
523
In base 11, what is 1 - 26?
-25
In base 7, what is 10 - -1660?
2000
In base 3, what is 11 - -1020102?
1020120
In base 16, what is 3 + -21?
-1e
In base 5, what is 3121 + 0?
3121
In base 5, what is -10 - 10032?
-10042
In base 14, what is -87 - 3?
-8a
In base 3, what is 10201220 - 1?
10201212
In base 10, what is 9 - 85?
-76
In base 14, what is -1b - -10c?
d1
In base 15, what is -ba + -5?
-c0
In base 6, what is 5 + -1454?
-1445
In base 15, what is -169 - 3?
-16c
In base 9, what is -6 + -148?
-155
In base 4, what is 11 - 2230?
-2213
In base 4, what is 1111 - 1?
1110
In base 8, what is 134 + 27?
163
In base 14, what is 4 + -b16?
-b12
In base 16, what is -185 + 30?
-155
In base 2, what is -1101100 - -1001?
-1100011
In base 2, what is -1110001 - -100?
-1101101
In base 12, what is -4 + -73?
-77
In base 2, what is -10100100 + -100?
-10101000
In base 13, what is 5 - -661?
666
In base 12, what is -409 - 2?
-40b
In base 14, what is 19 - b6?
-9b
In base 7, what is -5 - 4622?
-4630
In base 8, what is 2002 + 4?
2006
In base 13, what is -28b + b?
-280
In base 2, what is -100 - 111010?
-111110
In base 12, what is -a + 836?
828
In base 15, what is -5 + -5d?
-63
In base 7, what is -1 - 20343?
-20344
In base 3, what is -10012122 + -1?
-10012200
In base 4, what is 2 - -210?
212
In base 13, what is 18 + -203?
-1b8
In base 7, what is 5 + -3?
2
In base 6, what is 53210 + 5?
53215
In base 7, what is -2 - -633?
631
In base 12, what is 6 + 29?
33
In base 16, what is 9 + -2?
7
In base 9, what is 2645 - -2?
2647
In base 3, what is 10 + -21020?
-21010
In base 5, what is -144 + -40?
-234
In base 16, what is 370 + 0?
370
In base 9, what is -73 + -6?
-80
In base 7, what is -2 + -52?
-54
In base 10, what is -4 - -4055?
4051
In base 5, what is 11 - -402?
413
In base 14, what is 1a9b - 0?
1a9b
In base 8, what is -373 - -1?
-372
In base 14, what is 1 + -86?
-85
In base 4, what is -3032 + -11?
-3103
In base 16, what is -1 + -9a?
-9b
In base 8, what is 1 - -33?
34
In base 14, what is -53 + 1b?
-36
In base 16, what is -5 + -658?
-65d
In base 3, what is -10122101 - 10?
-10122111
In base 14, what is 2 + 21b?
21d
In base 16, what is -6 - 11?
-17
In base 6, what is 2 + -152?
-150
In base 16, what is -5 - 21f?
-224
In base 15, what is 356 + -3?
353
In base 5, what is 2 + 1234?
1241
In base 7, what is 0 - -40?
40
In base 15, what is -1001 - -1?
-1000
In base 15, what is -d + -9c?
-aa
In base 13, what is -1c12 + 0?
-1c12
In base 9, what is -10 - -450?
440
In base 3, what is 22021 - -20?
22111
In base 4, what is -10 - 1203?
-1213
In base 14, what is -9 - -237?
22c
In base 9, what is 6 - -121?
127
In base 16, what is 55d - -2?
55f
In base 5, what is 0 - 400?
-400
In base 8, what is 13 - 12?
1
In base 5, what is 10 - -12244?
12304
In base 3, what is 2 + 10002?
10011
In base 2, what is -111011 + 1?
-111010
In base 8, what is -21 - -114?
73
In base 3, what is -121101 - -12?
-121012
In base 15, what is -15 + -1?
-16
In base 10, what is 55 - -5?
60
In base 13, what is 3a8 - -14?
3bc
In base 3, what is -12 + -22?
-111
In base 11, what is 56 + -4?
52
In base 12, what is -107 + 4?
-103
In base 16, what is 5 - -50?
55
In base 16, what is 2 + 334?
336
In base 12, what is -848 - 0?
-848
In base 9, what is -702 + -5?
-7